of 10 + -2 - (-2 + 9 - 2)?
3
(2 + -1 - -2) + -5 + 1
-1
Calculate 1 - (1 - 1) - (12 + -16).
5
-6 - (-23 - (9 - 19))
7
Calculate 1 + -3 + (3 - 6).
-5
Evaluate 2 + -6 - (-4 - (5 + -4)).
1
(0 - 1) + (0 - 0)
-1
Evaluate (8 - -1) + 6 + -8.
7
-1 - -1 - (-1 - -3)
-2
Calculate (-2 - (-7 - 0)) + 0.
5
Evaluate 3 - ((0 - 2) + 4) - 6.
-5
Evaluate (11 - 6) + 3 - 4.
4
Calculate -4 - ((-3 - (-9 + 1)) + -3).
-6
Calculate 5 + 0 + -1 - 5.
-1
What is 1 - (-12 + 7 + 7 + -3)?
2
What is the value of (-7 - (-7 + 3)) + -2?
-5
What is the value of 1 + 1 - (1 + -5)?
6
What is the value of 6 - (-2 + (2 - (-5 - 1)))?
0
What is -3 - (3 - (4 + 4 + -6))?
-4
-5 + 7 + -1 + -4
-3
Evaluate -23 + 18 - (-7 + 1).
1
Evaluate (2 - -2) + 0 + 21 + -29.
-4
35 - 33 - (6 + -1)
-3
Evaluate (-1 - -2) + 1 + (2 - 3).
1
What is -4 - ((5 - (0 + 3)) + -3)?
-3
What is the value of -1 + 3 + -4 - -4?
2
Calculate -2 + -12 + (-8 + 23 - 8).
-7
Calculate (13 - 3) + -6 - 5.
-1
What is the value of (1 - 1) + -18 + 13 - 4?
-9
What is 2 + (-4 - (2 - 3)) + 0?
-1
Evaluate 1 + 5 + (-4 - (0 + -5)).
7
Calculate -3 - (-7 - (4 - 1)) - 2.
5
What is -1 + 0 + 2 - (-2 + 0)?
3
What is the value of -11 + (-7 + -1 - -27)?
8
Calculate 1 - -3 - (5 + 0 - 3).
2
Calculate (0 - 3) + (-3 - 3) + 4.
-5
-5 - (1 + 1 + 0 + -2)
-5
-3 + 1 + -1 + (-8 - -11)
0
What is -1 + (6 - 2 - 10) - -3?
-4
What is the value of (-20 - (11 - 26)) + (7 - 0)?
2
Evaluate 2 - ((0 - -2) + 2).
-2
What is 7 + -8 + 5 + -1?
3
Evaluate -1 - (0 + 0 - -3).
-4
203 + -210 + (3 - (-1 + 1))
-4
What is the value of 2 + -2 + 6 + -1 + -5?
0
9 - 0 - (-2 + 6)
5
-6 - (1 - 4 - -2)
-5
Evaluate (2 - 4) + -21 + 24.
1
What is the value of 3 - (1 + 1) - -2 - 3?
0
Evaluate 1 + (-9 + 7 - 2).
-3
-6 - (-3 + -4 + 7 + -4)
-2
Evaluate 2 - 0 - (-2 + (0 - 0)).
4
Calculate -3 - (-6 - -2 - 1) - 4.
-2
What is (17 - 30) + 5 + 1 + 7?
0
Evaluate -9 + 9 + -2 + -1.
-3
What is -4 - (-2 + 4 - 9)?
3
What is (-3 - -5) + -4 - 0?
-2
What is 3 + (3 - 8) + 4 + -2?
0
What is -2 + 10 + (-3 - -3 - 3)?
5
What is 7 + (-2 - (6 + (-7 - -7)))?
-1
What is 1 + -5 + (-15 - -18) + 3?
2
Calculate -1 + 3 + -2 + (-1 - -1).
0
Evaluate (60 - 66) + (8 - 1).
1
Evaluate 13 - (2 - -8) - (1 + 6).
-4
Evaluate 2 + -1 - (2 + 2 + -2).
-1
Calculate -4 - (-4 - (0 - 4)).
-4
What is the value of -32 + 16 - (-1 - 10)?
-5
Evaluate -3 - (1 + (-2 - 0)) - 0.
-2
What is the value of -16 - -9 - (-3 + 0)?
-4
What is the value of 1 + -1 + -2 + 5 + -7?
-4
Calculate -2 - (2 - (-2 - (4 + -6))).
-4
Evaluate -5 + 1 + (3 - (-5 + -2)).
6
-3 + 6 - 2 - 4 - -4
1
What is the value of -4 + -1 + 11 + (-16 - -8)?
-2
Evaluate -58 - -46 - (0 + -7).
-5
0 + (4 - 3) + 5 - 8
-2
Calculate -8 + (2 + 8 - -1).
3
(-15 - -26) + (3 - 8)
6
-7 - (-6 + -4 - 0)
3
-17 + -4 + 9 + 5 - -6
-1
Calculate 10 + -6 - (4 + 1).
-1
What is the value of 11 + -4 + -15 - (-3 + 3)?
-8
What is the value of (7 - 1) + -2 - 4?
0
What is -3 + (10 - (6 + -1))?
2
Calculate -2 + 5 + (0 - 0).
3
Calculate -4 + (-2 - -8) + -2.
0
Calculate 42 - 31 - (8 + -2) - 1.
4
Calculate -3 + 1 - (-11 + 5 + 6).
-2
-4 - (-3 + 4 + -2)
-3
What is -2 - (-2 + 0 + 38 + -32)?
-6
-4 + (11 - 2 - (-5 + 5))
5
-1 + -1 - (-11 - (20 - 34))
-5
0 + 16 + -2 + -13
1
What is (0 - -1) + (5 - 4) + -4?
-2
What is the value of -23 - -28 - (2 - (5 + -19))?
-11
(8 - 2) + (-5 - -1)
2
Calculate 7 + 0 - (-15 - (-24 - -3)).
1
-1 - (3 - (-2 - -4))
-2
-2 - (2 + -8 - -2)
2
Calculate (-7 - -2) + 0 + -188 + 187.
-6
Evaluate (2 - 1) + 0 + (-3 - 1).
-3
Calculate 4 + (2 - 1 - 0).
5
What is the value of 5 + 2 + (-2 - 3)?
2
-6 - (-9 - -10 - (13 - -1))
7
-15 + 14 + 0 + (-4 - -2)
-3
Evaluate -1 - (-10 - (-8 - -3)).
4
What is -5 - (-3 + 1) - (-6 + -2)?
5
Calculate (-7 - (-3 + 2)) + 0 - -2.
-4
What is the value of 0 - -2 - 17 - -8?
-7
Evaluate (3 + 0 - 2) + (-1 - 0).
0
Evaluate 12 + -10 + (-5 - 0) + 3.
0
2 + (-2 - -2 - -3) + -2
3
Evaluate -3 - -1 - (-9 - (6 + -10)).
3
-6 - (3 - (13 + -10))
-6
Calculate -8 - -9 - (-4 - -8).
-3
5 + (-6 + 0 - -6)
5
What is (-9 - -5 - -4) + (-2 - 0)?
-2
Evaluate 1 + -1 + 6 - (-14 - -18).
2
Evaluate (20 - 1) + (-130 - -116).
5
What is the value of 1 + (1 - -3) + (-3 - 4)?
-2
What is the value of 0 - (-6 + -6 + 6) - 3?
3
Calculate (-3 - (6 + 2)) + 4 + 5.
-2
Evaluate 3 - (12 + (-7 - 0)) - 6.
-8
-7 - (-8 - (2 + (-6 - 0)))
-3
What is (2 - (-6 + 8)) + 3?
3
Evaluate -4 - (-3 - (1 - 0)).
0
What is the value of 5 + (-5 + 2 - -4) + 0?
6
0 + -6 + (5 - 3) + 2
-2
-8 - (12 - 2 - 28)
10
What is the value of -3 + -5 + (3 + -2 - -6)?
-1
(7 + -2 - -4) + -3
6
Evaluate -7 + 15 + -5 + -9.
-6
7 + -11 + (1 - -5)
2
What is the value of -4 - (0 + -2) - 1?
-3
Calculate -6 + (-3 - -10 - 6).
-5
-1 - ((-3 - -3) + -1 + -1)
1
Evaluate 3 - 0 - (-5 + 4).
4
What is the value of -2 - 4 - (1 + 1 + -5)?
-3
Calculate 2 + 13 + -6 + -2 + -7.
0
What is the value of 2 - (-1 + (2 + -2 - 0))?
3
-4 - (-4 + (-12 + 5 - -12))
-5
Evaluate (1 - 4 - -1) + 5.
3
What is the value of 0 + -2 + 1 + 3?
2
What is the value of 6 - (-8 - -2 - (-2 + -8))?
2
-12 + 24 + (0 - 8)
4
What is the value of -10 - (-3 + 7 + -10)?
-4
-9 + (15 - 0 - 2)
4
Calculate 3 - (28 + -32 + 2 + 0).
5
Calculate (9 + -12 - (0 - -1)) + 5.
1
What is -5 - (5 + (3 + -5 - 6))?
-2
Calculate 0 + (1 - 0 - -2).
3
Evaluate 8 + 1 + (-5 - 2) - 8.
-6
Calculate -10 - -4 - -4 - (0 + 1).
-3
What is -6 - -20 - 10 - (3 + 3)?
-2
Calculate (-7 + 0 - (-87 + 82)) + -6.
-8
Evaluate 11 + -3 + (9 - 12).
5
What is the value of -1 + -2 - (34 + -33)?
-4
What is -2 + 10 + -16 + 10?
2
3 + 3 + -5 + 3 + -7
-3
Calculate -5 - (-4 + 0 - -3) - 1.
-5
What is the value of -3 - ((-4 - -5) + -3)?
-1
3 + 0 + 0 - -1
4
Calculate (12 - 6) + (-8 - -3).
1
Calculate -2 - (-2 - (-4 + 3 + 3)).
2
What is the value of (0 - 7) + -1 + 3?
-5
18 + 2 - (-102 - -111)
11
Evaluate (0 - (-2 - -2)) + -5 - -3.
-2
-4 + 3 + 6 + -2
3
Evaluate 0 - (-9 + (0 - -2)).
7
What is the value of (1 - 1 - -2) + -2 + 1?
1
What is the value of -1 + 0 + (2 + 1 - 2)?
0
3 + 4 - (6 + 4)
-3
What is 1 - (3 - 8 - -13)?
-7
What is 4 + 0 - -4 - 3?
5
What is the value of -1 + -1 - -4 - (4 + -7)?
5
What is the value of (8 - 9) + (-1 - -4)?
2
Evaluate 11 + (-5 - 0) + -3.
3
What is the value of -1 - 0 - (-8 + 12)?
-5
Evaluate -5 - (-4 - (-5 + (4 - 3))).
-5
-6 + -3 + 13 + 0 + 1
5
What is -1 - (15 - 8) - -4?
-4
What is 9 + (-2 - 3) - (1 + 3)?
0
Calculate -4 + 4 + (0 - (0 - 2)).
2
Calculate 12 + -3 + -6 + 4.
7
What is 9 - 9 - -1 - -1?
2
Evaluate (4 + -4 - -3) + -2 - 4.
-3
3 + 1 + -1 + 5
8
What is the value of (-1 - -4) + (-7 - -5)?
1
Calculate 5 + (-6 - -5) + 0 + -5.
-1
What is the value of 4 + 2 + -2 + -3 - -2?
3
What is the value of (5 + (-5 - -2) - 0) + -3?
-1
Evaluate -3 + (1 - (-4 + 4)).
-2
What is the value of 1 + 4 + -7 + 3?
1
Evaluate 2 + (0 - 3 - 1) + 6.
4
What is (4 - (-1 + 2)) + (-136 - -122)?
-11
What is 4 + -8 + 4 + 0?
0
Evaluate 4 + -4 - (-2 + -3 + 6).
-1
What is (-5 + 0 - (-1 + -5)) + 3?
4
What is -2 + (5 - 9 - -7)?
1
What is the value of -5 + 0 + 6 - (1 - -4)?
-4
What is 28 + -23 + 1 + 0?
6
Evaluate 0 + (1 - (7 + (-4 - -1))).
-3
Calculate -5 - (-7 + 2 - 2).
2
(0 - 0) + 4 - (-251 + 253)
2
What is the value of (1 - -1) + 5 - 8?
-1
Evaluate 0 + (6 - 9) + 7.
4
Calculate 2 + 6 + (-5 - 0) + -5.
-2
Calculate 1 - (-2 + 2) - (10 - 14).
5
Evaluate 1 + 1 + -5 + 6.
3
Evaluate -4 + 3 + 2 + (-1 - -4).
4
(2 - (-4 - 2)) + -6
2
What is the value of 0 - (2 + 3 + -15)?
10
What is -2 + 1 + (0 + 7 - 2)?
4
Evaluate -9 + -9 + -3 + 26.
5
16 - 15 - (0 + 0)
1
-3 - (1 + -8) - 7
-3
What is 3 + -3 + (1 - -2) - -4?
7
What is -10 + (13 - -6) + 0?
9
Evaluate -3 + 15 + -9 + (0 - 0).
3
What is (5 - -1) + (-2 - 1)?
3
1 + -3 + (-3 - -10)
5
What is -17 + (-8 - (3 - 19)) + -1?
-10
-13 - ((-5 - 7) + 3)
-4
Evaluate 3 + (3 - 9) + 2.
-1
Evaluate -7 - -4 - (6 + -18 + 6).
3
Calculate (-1 - -1 - 6) + (1 - -2).
-3
Calculate (4 - -3) + 1 + -9.
-1
Evaluate -5 + 3 - (-5 + 1).
2
What is 3 + (7 - 11) + -5?
-6
Evaluate (8 - (2 - -2)) + -6.
-2
(18 - 21) + 3 + 1
1
Evaluate -10 + 7 + 6 - -2.
5
5 - (-5 - -3 - -8)
-1
8 + -3 - 0 - 1
4
Evaluate (-13 - 2) + 19 + -9.
-5
Calculate (0 - 6) + 3 - (0 - 1).
-2
5 + -3 + -7 - -4
-1
What is 4 - ((1 - -7 - 12) + 3)?
5
(-1 - (2 + -4)) + (-2 - -6)
5
Evaluate -12 + 3 + 4 + 0 + 0.
-5
What is -5 + (-3 - -7) + -4?
-5
-12 - ((-8 - 0) + (-29 - -31))
-6
What is (8 - (20 + -11)) + 9?
8
What is the value of (